{"id":5767,"date":"2023-10-25T10:21:22","date_gmt":"2023-10-25T08:21:22","guid":{"rendered":"https:\/\/www.brunnenfeldfroesche.at\/bffs\/?page_id=5767"},"modified":"2025-03-24T14:27:29","modified_gmt":"2025-03-24T13:27:29","slug":"american-rock-christmas","status":"publish","type":"page","link":"https:\/\/www.brunnenfeldfroesche.at\/bffs\/american-rock-christmas\/","title":{"rendered":"American Rock Christmas"},"content":{"rendered":"\t\t<div data-elementor-type=\"wp-page\" data-elementor-id=\"5767\" class=\"elementor elementor-5767\" data-elementor-settings=\"{&quot;ha_cmc_init_switcher&quot;:&quot;no&quot;}\" data-elementor-post-type=\"page\">\n\t\t\t\t<div class=\"elementor-element elementor-element-901ce8f e-flex e-con-boxed e-con e-parent\" data-id=\"901ce8f\" data-element_type=\"container\" data-e-type=\"container\" data-settings=\"{&quot;_ha_eqh_enable&quot;:false}\">\n\t\t\t\t\t<div class=\"e-con-inner\">\n\t\t\t\t<div class=\"elementor-element elementor-element-34b32b1 elementor-widget elementor-widget-spacer\" data-id=\"34b32b1\" data-element_type=\"widget\" data-e-type=\"widget\" data-widget_type=\"spacer.default\">\n\t\t\t\t<div class=\"elementor-widget-container\">\n\t\t\t\t\t\t\t<div class=\"elementor-spacer\">\n\t\t\t<div class=\"elementor-spacer-inner\"><\/div>\n\t\t<\/div>\n\t\t\t\t\t\t<\/div>\n\t\t\t\t<\/div>\n\t\t\t\t<div class=\"elementor-element elementor-element-56d995b ha-has-bg-overlay elementor-widget elementor-widget-heading\" data-id=\"56d995b\" data-element_type=\"widget\" data-e-type=\"widget\" data-settings=\"{&quot;ha_floating_fx&quot;:&quot;yes&quot;,&quot;ha_floating_fx_rotate_toggle&quot;:&quot;yes&quot;,&quot;ha_floating_fx_rotate_x&quot;:{&quot;unit&quot;:&quot;px&quot;,&quot;size&quot;:&quot;&quot;,&quot;sizes&quot;:{&quot;from&quot;:-19,&quot;to&quot;:19}},&quot;ha_floating_fx_rotate_y&quot;:{&quot;unit&quot;:&quot;px&quot;,&quot;size&quot;:&quot;&quot;,&quot;sizes&quot;:{&quot;from&quot;:-43,&quot;to&quot;:43}},&quot;ha_floating_fx_rotate_z&quot;:{&quot;unit&quot;:&quot;px&quot;,&quot;size&quot;:&quot;&quot;,&quot;sizes&quot;:{&quot;from&quot;:-19,&quot;to&quot;:19}},&quot;ha_floating_fx_rotate_delay&quot;:{&quot;unit&quot;:&quot;px&quot;,&quot;size&quot;:100,&quot;sizes&quot;:[]},&quot;ha_floating_fx_rotate_duration&quot;:{&quot;unit&quot;:&quot;px&quot;,&quot;size&quot;:1000,&quot;sizes&quot;:[]}}\" data-widget_type=\"heading.default\">\n\t\t\t\t<div class=\"elementor-widget-container\">\n\t\t\t\t\t<h2 class=\"elementor-heading-title elementor-size-xxl\">American Rock Christmas<\/h2>\t\t\t\t<\/div>\n\t\t\t\t<\/div>\n\t\t\t\t\t<\/div>\n\t\t\t\t<\/div>\n\t\t<div class=\"elementor-element elementor-element-894dc4b e-flex e-con-boxed e-con e-parent\" data-id=\"894dc4b\" data-element_type=\"container\" data-e-type=\"container\" data-settings=\"{&quot;_ha_eqh_enable&quot;:false}\">\n\t\t\t\t\t<div class=\"e-con-inner\">\n\t\t\t\t<div class=\"elementor-element elementor-element-f5128f4 elementor-widget elementor-widget-spacer\" data-id=\"f5128f4\" data-element_type=\"widget\" data-e-type=\"widget\" data-widget_type=\"spacer.default\">\n\t\t\t\t<div class=\"elementor-widget-container\">\n\t\t\t\t\t\t\t<div class=\"elementor-spacer\">\n\t\t\t<div class=\"elementor-spacer-inner\"><\/div>\n\t\t<\/div>\n\t\t\t\t\t\t<\/div>\n\t\t\t\t<\/div>\n\t\t\t\t<div class=\"elementor-element elementor-element-fb92e8b elementor-widget elementor-widget-text-editor\" data-id=\"fb92e8b\" data-element_type=\"widget\" data-e-type=\"widget\" data-widget_type=\"text-editor.default\">\n\t\t\t\t<div class=\"elementor-widget-container\">\n\t\t\t\t\t\t\t\t\t<p>Heuer darf wieder mit den Fr\u00f6schen gepunscht werden<\/p><h6 style=\"text-align: center;\"><strong>Die Brunnenfeldfr\u00f6sche rocken die Stra\u00dfe<\/strong><\/h6><p>Wir freuen uns, euch heuer zu einem Rock Christmas Event einzuladen! Am Samstag, den 25.11.2023, werden wir eine Live-Band namens &#8222;<span style=\"color: #009640;\"><a style=\"color: #009640;\" href=\"https:\/\/www.lastheroes.at\/\" target=\"_blank\" rel=\"noopener\">Last Heroes<\/a><\/span>&#8220; bei uns haben.<\/p><p>Sie werden die B\u00fchne rocken und f\u00fcr eine unvergessliche Nacht sorgen!<\/p><h6 style=\"text-align: center;\"><strong>Aber das ist noch nicht alles!<\/strong><\/h6><p>Wir werden auch Punsch, Gl\u00fchwein und leckere Longdrinks anbieten, um euch in Weihnachtsstimmung zu bringen.<\/p><p>Und f\u00fcr diejenigen, die hungrig sind, haben wir k\u00f6stliche Burger mit Pommes und Langos im Angebot.<\/p><h6 style=\"text-align: center;\"><strong>Aber das ist noch nicht das Ende!<\/strong><\/h6><p>Am Sonntag, den 26.11.2023, werden die Perchten von <span style=\"color: #009640;\"><a style=\"color: #009640;\" href=\"https:\/\/www.facebook.com\/profile.php?id=100064935870551&amp;paipv=0&amp;eav=AfZITbGzNUiPc25U4yVpaTOHKmF-Oorm5eZ0iVYdRqW-GUuQPyiHYrHaQ1zugroWx38&amp;_rdr\" target=\"_blank\" rel=\"noopener\">Neunkirchner Rauhnacht-Teufeln<\/a><\/span> bei uns auftreten.<\/p><p>Ihr k\u00f6nnt euch auf eine faszinierende Show freuen, die f\u00fcr Gro\u00df und Klein ist!<\/p><p>Kommt vorbei und feiert mit uns! Markiert eure Kalender und verpasst nicht dieses aufregende Wochenende voller Musik, Spa\u00df und Weihnachtszauber!<\/p><p>Lasst uns gemeinsam die Vorweihnachtszeit rocken und jede Menge Spa\u00df haben!<\/p>\t\t\t\t\t\t\t\t<\/div>\n\t\t\t\t<\/div>\n\t\t\t\t\t<\/div>\n\t\t\t\t<\/div>\n\t\t<div class=\"elementor-element elementor-element-6c7c436 e-flex e-con-boxed e-con e-parent\" data-id=\"6c7c436\" data-element_type=\"container\" data-e-type=\"container\" data-settings=\"{&quot;_ha_eqh_enable&quot;:false}\">\n\t\t\t\t\t<div class=\"e-con-inner\">\n\t\t\t\t<div class=\"elementor-element elementor-element-4127caa elementor-widget elementor-widget-image\" data-id=\"4127caa\" data-element_type=\"widget\" data-e-type=\"widget\" data-widget_type=\"image.default\">\n\t\t\t\t<div class=\"elementor-widget-container\">\n\t\t\t\t\t\t\t\t\t\t\t\t\t\t\t<img fetchpriority=\"high\" decoding=\"async\" width=\"768\" height=\"1086\" src=\"https:\/\/www.brunnenfeldfroesche.at\/bffs\/wp-content\/uploads\/2023\/10\/Rock_Christmas-768x1086.jpeg\" class=\"attachment-medium_large size-medium_large wp-image-5770\" alt=\"\" srcset=\"https:\/\/www.brunnenfeldfroesche.at\/bffs\/wp-content\/uploads\/2023\/10\/Rock_Christmas-768x1086.jpeg 768w, https:\/\/www.brunnenfeldfroesche.at\/bffs\/wp-content\/uploads\/2023\/10\/Rock_Christmas-212x300.jpeg 212w, https:\/\/www.brunnenfeldfroesche.at\/bffs\/wp-content\/uploads\/2023\/10\/Rock_Christmas-724x1024.jpeg 724w, https:\/\/www.brunnenfeldfroesche.at\/bffs\/wp-content\/uploads\/2023\/10\/Rock_Christmas-106x150.jpeg 106w, https:\/\/www.brunnenfeldfroesche.at\/bffs\/wp-content\/uploads\/2023\/10\/Rock_Christmas-1086x1536.jpeg 1086w, https:\/\/www.brunnenfeldfroesche.at\/bffs\/wp-content\/uploads\/2023\/10\/Rock_Christmas-1448x2048.jpeg 1448w, https:\/\/www.brunnenfeldfroesche.at\/bffs\/wp-content\/uploads\/2023\/10\/Rock_Christmas.jpeg 1810w\" sizes=\"(max-width: 768px) 100vw, 768px\">\t\t\t\t\t\t\t\t\t\t\t\t\t\t\t<\/div>\n\t\t\t\t<\/div>\n\t\t\t\t\t<\/div>\n\t\t\t\t<\/div>\n\t\t\t\t<\/div>\n\t\t","protected":false},"excerpt":{"rendered":"<p>American Rock Christmas Heuer darf wieder mit den Fr\u00f6schen gepunscht werden Die Brunnenfeldfr\u00f6sche rocken die Stra\u00dfe Wir freuen uns, euch heuer zu einem Rock Christmas Event einzuladen! Am Samstag, den 25.11.2023, werden wir eine Live-Band namens &#8222;Last Heroes&#8220; bei uns haben. Sie werden die B\u00fchne rocken und f\u00fcr eine unvergessliche Nacht sorgen! Aber das ist [&hellip;]<\/p>\n","protected":false},"author":4,"featured_media":0,"parent":0,"menu_order":0,"comment_status":"open","ping_status":"closed","template":"","meta":{"footnotes":""},"class_list":["post-5767","page","type-page","status-publish","hentry"],"_links":{"self":[{"href":"https:\/\/www.brunnenfeldfroesche.at\/bffs\/wp-json\/wp\/v2\/pages\/5767","targetHints":{"allow":["GET"]}}],"collection":[{"href":"https:\/\/www.brunnenfeldfroesche.at\/bffs\/wp-json\/wp\/v2\/pages"}],"about":[{"href":"https:\/\/www.brunnenfeldfroesche.at\/bffs\/wp-json\/wp\/v2\/types\/page"}],"author":[{"embeddable":true,"href":"https:\/\/www.brunnenfeldfroesche.at\/bffs\/wp-json\/wp\/v2\/users\/4"}],"replies":[{"embeddable":true,"href":"https:\/\/www.brunnenfeldfroesche.at\/bffs\/wp-json\/wp\/v2\/comments?post=5767"}],"version-history":[{"count":0,"href":"https:\/\/www.brunnenfeldfroesche.at\/bffs\/wp-json\/wp\/v2\/pages\/5767\/revisions"}],"wp:attachment":[{"href":"https:\/\/www.brunnenfeldfroesche.at\/bffs\/wp-json\/wp\/v2\/media?parent=5767"}],"curies":[{"name":"wp","href":"https:\/\/api.w.org\/{rel}","templated":true}]}}