{"id":3841,"date":"2022-11-03T12:01:48","date_gmt":"2022-11-03T11:01:48","guid":{"rendered":"https:\/\/www.hsteiner.at\/?page_id=3841"},"modified":"2026-02-02T12:00:33","modified_gmt":"2026-02-02T11:00:33","slug":"elementor-3841","status":"publish","type":"page","link":"https:\/\/www.brunnenfeldfroesche.at\/bffs\/elementor-3841\/","title":{"rendered":"Punschstandl-2022"},"content":{"rendered":"\t\t<div data-elementor-type=\"wp-page\" data-elementor-id=\"3841\" class=\"elementor elementor-3841\" data-elementor-settings=\"{&quot;ha_cmc_init_switcher&quot;:&quot;no&quot;}\" data-elementor-post-type=\"page\">\n\t\t\t\t<div class=\"elementor-element elementor-element-8ed8c5a e-flex e-con-boxed e-con e-parent\" data-id=\"8ed8c5a\" data-element_type=\"container\" data-e-type=\"container\" data-settings=\"{&quot;_ha_eqh_enable&quot;:false}\">\n\t\t\t\t\t<div class=\"e-con-inner\">\n\t\t<div class=\"elementor-element elementor-element-9c89c26 e-con-full e-flex e-con e-child\" data-id=\"9c89c26\" data-element_type=\"container\" data-e-type=\"container\" data-settings=\"{&quot;_ha_eqh_enable&quot;:false}\">\n\t\t\t\t<div class=\"elementor-element elementor-element-ffabf8a elementor-widget elementor-widget-heading\" data-id=\"ffabf8a\" data-element_type=\"widget\" data-e-type=\"widget\" data-widget_type=\"heading.default\">\n\t\t\t\t<div class=\"elementor-widget-container\">\n\t\t\t\t\t<h1 class=\"elementor-heading-title elementor-size-default\">Punschen mit den Fr\u00f6schen<\/h1>\t\t\t\t<\/div>\n\t\t\t\t<\/div>\n\t\t\t\t<div class=\"elementor-element elementor-element-2eb81ab elementor-invisible elementor-widget elementor-widget-text-editor\" data-id=\"2eb81ab\" data-element_type=\"widget\" data-e-type=\"widget\" data-settings=\"{&quot;_animation&quot;:&quot;rotateIn&quot;}\" data-widget_type=\"text-editor.default\">\n\t\t\t\t<div class=\"elementor-widget-container\">\n\t\t\t\t\t\t\t\t\t<p>\u00a0<\/p><p>Zur Erinnerung an alle Punschdurstigen und Langoshungrigen:<\/p><p>Dieses Wochenende er\u00f6ffnen die Brunnenfeldfr\u00f6sche die Adventszeit mit einem eigenen Mini-Adventmarkt in der Brunnenfeldstra\u00dfe!<\/p><p>Sonntags gibt es zum Abschluss zus\u00e4tzlich Action mit den Neunkirchner <span style=\"color: #ff0000;\">Rauhnacht Teufeln.<\/span><\/p><p><strong><span style=\"text-decoration: underline;\">Wir freuen uns auf euer Kommen!<\/span><\/strong><\/p>\t\t\t\t\t\t\t\t<\/div>\n\t\t\t\t<\/div>\n\t\t\t\t<\/div>\n\t\t\t\t\t<\/div>\n\t\t\t\t<\/div>\n\t\t<div class=\"elementor-element elementor-element-082cc2c e-flex e-con-boxed e-con e-parent\" data-id=\"082cc2c\" data-element_type=\"container\" data-e-type=\"container\" data-settings=\"{&quot;_ha_eqh_enable&quot;:false}\">\n\t\t\t\t\t<div class=\"e-con-inner\">\n\t\t<div class=\"elementor-element elementor-element-fd5464e e-con-full e-flex e-con e-child\" data-id=\"fd5464e\" data-element_type=\"container\" data-e-type=\"container\" data-settings=\"{&quot;_ha_eqh_enable&quot;:false}\">\n\t\t\t\t<div class=\"elementor-element elementor-element-7dfa3ee elementor-widget elementor-widget-text-editor\" data-id=\"7dfa3ee\" data-element_type=\"widget\" data-e-type=\"widget\" data-widget_type=\"text-editor.default\">\n\t\t\t\t<div class=\"elementor-widget-container\">\n\t\t\t\t\t\t\t\t\t<h5>Heuer darf mit den Fr\u00f6schen gepunscht werden.<\/h5><h5>Wir freuen uns auf Euer kommen.<\/h5><h5>Au\u00dferdem freuen wir uns \u00fcber den Perchten Auftritt der<\/h5><h5><a href=\"http:\/\/www.facebook.com\/profile.php?id=100064935870551\" target=\"_blank\" rel=\"noopener\"><span style=\"text-decoration: underline; color: #009640;\">Neunkirchner Rauhnacht Teufeln<\/span><\/a><\/h5><h5>am Sonntag.<\/h5>\t\t\t\t\t\t\t\t<\/div>\n\t\t\t\t<\/div>\n\t\t\t\t<div class=\"elementor-element elementor-element-12fca17 elementor-widget elementor-widget-spacer\" data-id=\"12fca17\" data-element_type=\"widget\" data-e-type=\"widget\" data-widget_type=\"spacer.default\">\n\t\t\t\t<div class=\"elementor-widget-container\">\n\t\t\t\t\t\t\t<div class=\"elementor-spacer\">\n\t\t\t<div class=\"elementor-spacer-inner\"><\/div>\n\t\t<\/div>\n\t\t\t\t\t\t<\/div>\n\t\t\t\t<\/div>\n\t\t\t\t<\/div>\n\t\t\t\t\t<\/div>\n\t\t\t\t<\/div>\n\t\t<div class=\"elementor-element elementor-element-1b462e2 e-flex e-con-boxed e-con e-parent\" data-id=\"1b462e2\" data-element_type=\"container\" data-e-type=\"container\" data-settings=\"{&quot;_ha_eqh_enable&quot;:false}\">\n\t\t\t\t\t<div class=\"e-con-inner\">\n\t\t<div class=\"elementor-element elementor-element-f2d0d04 e-con-full e-flex e-con e-child\" data-id=\"f2d0d04\" data-element_type=\"container\" data-e-type=\"container\" data-settings=\"{&quot;_ha_eqh_enable&quot;:false}\">\n\t\t\t\t<div class=\"elementor-element elementor-element-6bf6291 elementor-widget elementor-widget-image\" data-id=\"6bf6291\" data-element_type=\"widget\" data-e-type=\"widget\" data-widget_type=\"image.default\">\n\t\t\t\t<div class=\"elementor-widget-container\">\n\t\t\t\t\t\t\t\t\t\t\t\t\t\t\t<img fetchpriority=\"high\" decoding=\"async\" width=\"724\" height=\"1024\" src=\"https:\/\/www.brunnenfeldfroesche.at\/bffs\/wp-content\/uploads\/2022\/11\/Punschstand_2022.jpg\" class=\"attachment-large size-large wp-image-3873\" alt=\"\" srcset=\"https:\/\/www.brunnenfeldfroesche.at\/bffs\/wp-content\/uploads\/2022\/11\/Punschstand_2022.jpg 724w, https:\/\/www.brunnenfeldfroesche.at\/bffs\/wp-content\/uploads\/2022\/11\/Punschstand_2022-212x300.jpg 212w, https:\/\/www.brunnenfeldfroesche.at\/bffs\/wp-content\/uploads\/2022\/11\/Punschstand_2022-106x150.jpg 106w\" sizes=\"(max-width: 724px) 100vw, 724px\">\t\t\t\t\t\t\t\t\t\t\t\t\t\t\t<\/div>\n\t\t\t\t<\/div>\n\t\t\t\t<\/div>\n\t\t\t\t\t<\/div>\n\t\t\t\t<\/div>\n\t\t\t\t<\/div>\n\t\t","protected":false},"excerpt":{"rendered":"<p>Punschen mit den Fr\u00f6schen \u00a0 Zur Erinnerung an alle Punschdurstigen und Langoshungrigen: Dieses Wochenende er\u00f6ffnen die Brunnenfeldfr\u00f6sche die Adventszeit mit einem eigenen Mini-Adventmarkt in der Brunnenfeldstra\u00dfe! Sonntags gibt es zum Abschluss zus\u00e4tzlich Action mit den Neunkirchner Rauhnacht Teufeln. Wir freuen uns auf euer Kommen! Heuer darf mit den Fr\u00f6schen gepunscht werden. Wir freuen uns auf [&hellip;]<\/p>\n","protected":false},"author":4,"featured_media":0,"parent":0,"menu_order":0,"comment_status":"open","ping_status":"closed","template":"","meta":{"footnotes":""},"class_list":["post-3841","page","type-page","status-publish","hentry"],"_links":{"self":[{"href":"https:\/\/www.brunnenfeldfroesche.at\/bffs\/wp-json\/wp\/v2\/pages\/3841","targetHints":{"allow":["GET"]}}],"collection":[{"href":"https:\/\/www.brunnenfeldfroesche.at\/bffs\/wp-json\/wp\/v2\/pages"}],"about":[{"href":"https:\/\/www.brunnenfeldfroesche.at\/bffs\/wp-json\/wp\/v2\/types\/page"}],"author":[{"embeddable":true,"href":"https:\/\/www.brunnenfeldfroesche.at\/bffs\/wp-json\/wp\/v2\/users\/4"}],"replies":[{"embeddable":true,"href":"https:\/\/www.brunnenfeldfroesche.at\/bffs\/wp-json\/wp\/v2\/comments?post=3841"}],"version-history":[{"count":0,"href":"https:\/\/www.brunnenfeldfroesche.at\/bffs\/wp-json\/wp\/v2\/pages\/3841\/revisions"}],"wp:attachment":[{"href":"https:\/\/www.brunnenfeldfroesche.at\/bffs\/wp-json\/wp\/v2\/media?parent=3841"}],"curies":[{"name":"wp","href":"https:\/\/api.w.org\/{rel}","templated":true}]}}

<div data-elementor-type="wp-page" data-elementor-id="3841" class="elementor elementor-3841" data-elementor-settings="{&quot;ha_cmc_init_switcher&quot;:&quot;no&quot;}" data-elementor-post-type="page">
				<div class="elementor-element elementor-element-8ed8c5a e-flex e-con-boxed e-con e-parent" data-id="8ed8c5a" data-element_type="container" data-e-type="container" data-settings="{&quot;_ha_eqh_enable&quot;:false}">
					<div class="e-con-inner">
		<div class="elementor-element elementor-element-9c89c26 e-con-full e-flex e-con e-child" data-id="9c89c26" data-element_type="container" data-e-type="container" data-settings="{&quot;_ha_eqh_enable&quot;:false}">
				<div class="elementor-element elementor-element-ffabf8a elementor-widget elementor-widget-heading" data-id="ffabf8a" data-element_type="widget" data-e-type="widget" data-widget_type="heading.default">
				<div class="elementor-widget-container">
					<h1 class="elementor-heading-title elementor-size-default">Punschen mit den Fröschen</h1>				</div>
				</div>
				<div class="elementor-element elementor-element-2eb81ab elementor-invisible elementor-widget elementor-widget-text-editor" data-id="2eb81ab" data-element_type="widget" data-e-type="widget" data-settings="{&quot;_animation&quot;:&quot;rotateIn&quot;}" data-widget_type="text-editor.default">
				<div class="elementor-widget-container">
									<p> </p><p>Zur Erinnerung an alle Punschdurstigen und Langoshungrigen:</p><p>Dieses Wochenende eröffnen die Brunnenfeldfrösche die Adventszeit mit einem eigenen Mini-Adventmarkt in der Brunnenfeldstraße!</p><p>Sonntags gibt es zum Abschluss zusätzlich Action mit den Neunkirchner <span style="color: #ff0000;">Rauhnacht Teufeln.</span></p><p><strong><span style="text-decoration: underline;">Wir freuen uns auf euer Kommen!</span></strong></p>								</div>
				</div>
				</div>
					</div>
				</div>
		<div class="elementor-element elementor-element-082cc2c e-flex e-con-boxed e-con e-parent" data-id="082cc2c" data-element_type="container" data-e-type="container" data-settings="{&quot;_ha_eqh_enable&quot;:false}">
					<div class="e-con-inner">
		<div class="elementor-element elementor-element-fd5464e e-con-full e-flex e-con e-child" data-id="fd5464e" data-element_type="container" data-e-type="container" data-settings="{&quot;_ha_eqh_enable&quot;:false}">
				<div class="elementor-element elementor-element-7dfa3ee elementor-widget elementor-widget-text-editor" data-id="7dfa3ee" data-element_type="widget" data-e-type="widget" data-widget_type="text-editor.default">
				<div class="elementor-widget-container">
									<h5>Heuer darf mit den Fröschen gepunscht werden.</h5><h5>Wir freuen uns auf Euer kommen.</h5><h5>Außerdem freuen wir uns über den Perchten Auftritt der</h5><h5><a href="http://www.facebook.com/profile.php?id=100064935870551" target="_blank" rel="noopener"><span style="text-decoration: underline; color: #009640;">Neunkirchner Rauhnacht Teufeln</span></a></h5><h5>am Sonntag.</h5>								</div>
				</div>
				<div class="elementor-element elementor-element-12fca17 elementor-widget elementor-widget-spacer" data-id="12fca17" data-element_type="widget" data-e-type="widget" data-widget_type="spacer.default">
				<div class="elementor-widget-container">
							<div class="elementor-spacer">
			<div class="elementor-spacer-inner"></div>
		</div>
						</div>
				</div>
				</div>
					</div>
				</div>
		<div class="elementor-element elementor-element-1b462e2 e-flex e-con-boxed e-con e-parent" data-id="1b462e2" data-element_type="container" data-e-type="container" data-settings="{&quot;_ha_eqh_enable&quot;:false}">
					<div class="e-con-inner">
		<div class="elementor-element elementor-element-f2d0d04 e-con-full e-flex e-con e-child" data-id="f2d0d04" data-element_type="container" data-e-type="container" data-settings="{&quot;_ha_eqh_enable&quot;:false}">
				<div class="elementor-element elementor-element-6bf6291 elementor-widget elementor-widget-image" data-id="6bf6291" data-element_type="widget" data-e-type="widget" data-widget_type="image.default">
				<div class="elementor-widget-container">
															<img fetchpriority="high" decoding="async" width="724" height="1024" src="https://www.brunnenfeldfroesche.at/bffs/wp-content/uploads/2022/11/Punschstand_2022.jpg" class="attachment-large size-large wp-image-3873" alt="" srcset="https://www.brunnenfeldfroesche.at/bffs/wp-content/uploads/2022/11/Punschstand_2022.jpg 724w, https://www.brunnenfeldfroesche.at/bffs/wp-content/uploads/2022/11/Punschstand_2022-212x300.jpg 212w, https://www.brunnenfeldfroesche.at/bffs/wp-content/uploads/2022/11/Punschstand_2022-106x150.jpg 106w" sizes="(max-width: 724px) 100vw, 724px">															</div>
				</div>
				</div>
					</div>
				</div>
				</div>

<p>Punschen mit den Fröschen   Zur Erinnerung an alle Punschdurstigen und Langoshungrigen: Dieses Wochenende eröffnen die Brunnenfeldfrösche die Adventszeit mit einem eigenen Mini-Adventmarkt in der Brunnenfeldstraße! Sonntags gibt es zum Abschluss zusätzlich Action mit den Neunkirchner Rauhnacht Teufeln. Wir freuen uns auf euer Kommen! Heuer darf mit den Fröschen gepunscht werden. Wir freuen uns auf [&hellip;]</p>
