{"id":2866,"date":"2022-08-08T18:29:43","date_gmt":"2022-08-08T16:29:43","guid":{"rendered":"https:\/\/www.hsteiner.at\/?page_id=2866"},"modified":"2026-02-16T13:21:41","modified_gmt":"2026-02-16T12:21:41","slug":"2-strassenfest-2022","status":"publish","type":"page","link":"https:\/\/www.brunnenfeldfroesche.at\/bffs\/2-strassenfest-2022\/","title":{"rendered":"2. Strassenfest \u2013 2022"},"content":{"rendered":"\t\t<div data-elementor-type=\"wp-page\" data-elementor-id=\"2866\" class=\"elementor elementor-2866\" data-elementor-settings=\"{&quot;ha_cmc_init_switcher&quot;:&quot;no&quot;}\" data-elementor-post-type=\"page\">\n\t\t\t\t<div class=\"elementor-element elementor-element-9a54fe3 e-flex e-con-boxed e-con e-parent\" data-id=\"9a54fe3\" data-element_type=\"container\" data-e-type=\"container\" data-settings=\"{&quot;_ha_eqh_enable&quot;:false}\">\n\t\t\t\t\t<div class=\"e-con-inner\">\n\t\t<div class=\"elementor-element elementor-element-0fc5e3f e-con-full e-flex e-con e-child\" data-id=\"0fc5e3f\" data-element_type=\"container\" data-e-type=\"container\" data-settings=\"{&quot;_ha_eqh_enable&quot;:false}\">\n\t\t\t\t<div class=\"elementor-element elementor-element-5673d19 elementor-widget elementor-widget-heading\" data-id=\"5673d19\" data-element_type=\"widget\" data-e-type=\"widget\" data-widget_type=\"heading.default\">\n\t\t\t\t<div class=\"elementor-widget-container\">\n\t\t\t\t\t<h1 class=\"elementor-heading-title elementor-size-default\">2. Strassenfest \u2013 2022<\/h1>\t\t\t\t<\/div>\n\t\t\t\t<\/div>\n\t\t\t\t<div class=\"elementor-element elementor-element-3f0e596 elementor-widget elementor-widget-text-editor\" data-id=\"3f0e596\" data-element_type=\"widget\" data-e-type=\"widget\" data-widget_type=\"text-editor.default\">\n\t\t\t\t<div class=\"elementor-widget-container\">\n\t\t\t\t\t\t\t\t\t<h4 style=\"text-align: center;\"><span style=\"color: #009640;\"><strong>Es ist soweit !!!<\/strong><\/span><\/h4><h6 style=\"text-align: center;\"><span style=\"color: #000000;\" data-wp-editing=\"1\">Mit viel Freude d\u00fcrfen wir\u00a0 euch zum 2.Brunnenfeldstrassenfest einladen !!!<\/span><\/h6><h6 style=\"text-align: center;\"><span style=\"color: #000000;\">Wir freuen uns sehr auf euch !!!<\/span><\/h6>\t\t\t\t\t\t\t\t<\/div>\n\t\t\t\t<\/div>\n\t\t\t\t<div class=\"elementor-element elementor-element-1ebe8be elementor-widget elementor-widget-text-editor\" data-id=\"1ebe8be\" data-element_type=\"widget\" data-e-type=\"widget\" data-widget_type=\"text-editor.default\">\n\t\t\t\t<div class=\"elementor-widget-container\">\n\t\t\t\t\t\t\t\t\t<h6 dir=\"auto\" style=\"text-align: center;\"><span style=\"color: #008000;\">Timetable f\u00fcr das Kinderprogramm:<\/span><\/h6><h6 dir=\"auto\" style=\"text-align: center;\"><span style=\"color: #008000;\">16:00 Zaubershow mit anschlie\u00dfender Riesenseifenblasen Show<\/span><\/h6><h6 dir=\"auto\" style=\"text-align: center;\"><span style=\"color: #008000;\">17:00 Kinderschminken und<\/span><\/h6><h6 dir=\"auto\" style=\"text-align: center;\"><span style=\"color: #008000;\">Viele weitere Spiele Stationen und nat\u00fcrlich eine H\u00fcpfburg<\/span><\/h6>\t\t\t\t\t\t\t\t<\/div>\n\t\t\t\t<\/div>\n\t\t\t\t<\/div>\n\t\t\t\t\t<\/div>\n\t\t\t\t<\/div>\n\t\t<div class=\"elementor-element elementor-element-31b5b45 e-flex e-con-boxed e-con e-parent\" data-id=\"31b5b45\" data-element_type=\"container\" data-e-type=\"container\" data-settings=\"{&quot;_ha_eqh_enable&quot;:false}\">\n\t\t\t\t\t<div class=\"e-con-inner\">\n\t\t<div class=\"elementor-element elementor-element-003ce7a e-con-full e-flex e-con e-child\" data-id=\"003ce7a\" data-element_type=\"container\" data-e-type=\"container\" data-settings=\"{&quot;_ha_eqh_enable&quot;:false}\">\n\t\t\t\t<div class=\"elementor-element elementor-element-a2c2f6d elementor-widget elementor-widget-image\" data-id=\"a2c2f6d\" data-element_type=\"widget\" data-e-type=\"widget\" data-widget_type=\"image.default\">\n\t\t\t\t<div class=\"elementor-widget-container\">\n\t\t\t\t\t\t\t\t\t\t\t\t\t\t\t<img fetchpriority=\"high\" decoding=\"async\" width=\"724\" height=\"1024\" src=\"https:\/\/www.brunnenfeldfroesche.at\/bffs\/wp-content\/uploads\/2022\/06\/Plakat-2.Strassenfest-724x1024.jpeg\" class=\"attachment-large size-large wp-image-2814\" alt=\"\" srcset=\"https:\/\/www.brunnenfeldfroesche.at\/bffs\/wp-content\/uploads\/2022\/06\/Plakat-2.Strassenfest-724x1024.jpeg 724w, https:\/\/www.brunnenfeldfroesche.at\/bffs\/wp-content\/uploads\/2022\/06\/Plakat-2.Strassenfest-212x300.jpeg 212w, https:\/\/www.brunnenfeldfroesche.at\/bffs\/wp-content\/uploads\/2022\/06\/Plakat-2.Strassenfest-106x150.jpeg 106w, https:\/\/www.brunnenfeldfroesche.at\/bffs\/wp-content\/uploads\/2022\/06\/Plakat-2.Strassenfest-768x1086.jpeg 768w, https:\/\/www.brunnenfeldfroesche.at\/bffs\/wp-content\/uploads\/2022\/06\/Plakat-2.Strassenfest-1086x1536.jpeg 1086w, https:\/\/www.brunnenfeldfroesche.at\/bffs\/wp-content\/uploads\/2022\/06\/Plakat-2.Strassenfest-970x1372.jpeg 970w, https:\/\/www.brunnenfeldfroesche.at\/bffs\/wp-content\/uploads\/2022\/06\/Plakat-2.Strassenfest.jpeg 1131w\" sizes=\"(max-width: 724px) 100vw, 724px\">\t\t\t\t\t\t\t\t\t\t\t\t\t\t\t<\/div>\n\t\t\t\t<\/div>\n\t\t\t\t<\/div>\n\t\t\t\t\t<\/div>\n\t\t\t\t<\/div>\n\t\t\t\t<\/div>\n\t\t","protected":false},"excerpt":{"rendered":"<p>2. Strassenfest \u2013 2022 Es ist soweit !!! Mit viel Freude d\u00fcrfen wir\u00a0 euch zum 2.Brunnenfeldstrassenfest einladen !!! Wir freuen uns sehr auf euch !!! Timetable f\u00fcr das Kinderprogramm: 16:00 Zaubershow mit anschlie\u00dfender Riesenseifenblasen Show 17:00 Kinderschminken und Viele weitere Spiele Stationen und nat\u00fcrlich eine H\u00fcpfburg<\/p>\n","protected":false},"author":4,"featured_media":0,"parent":0,"menu_order":0,"comment_status":"closed","ping_status":"closed","template":"","meta":{"footnotes":""},"class_list":["post-2866","page","type-page","status-publish","hentry"],"_links":{"self":[{"href":"https:\/\/www.brunnenfeldfroesche.at\/bffs\/wp-json\/wp\/v2\/pages\/2866","targetHints":{"allow":["GET"]}}],"collection":[{"href":"https:\/\/www.brunnenfeldfroesche.at\/bffs\/wp-json\/wp\/v2\/pages"}],"about":[{"href":"https:\/\/www.brunnenfeldfroesche.at\/bffs\/wp-json\/wp\/v2\/types\/page"}],"author":[{"embeddable":true,"href":"https:\/\/www.brunnenfeldfroesche.at\/bffs\/wp-json\/wp\/v2\/users\/4"}],"replies":[{"embeddable":true,"href":"https:\/\/www.brunnenfeldfroesche.at\/bffs\/wp-json\/wp\/v2\/comments?post=2866"}],"version-history":[{"count":0,"href":"https:\/\/www.brunnenfeldfroesche.at\/bffs\/wp-json\/wp\/v2\/pages\/2866\/revisions"}],"wp:attachment":[{"href":"https:\/\/www.brunnenfeldfroesche.at\/bffs\/wp-json\/wp\/v2\/media?parent=2866"}],"curies":[{"name":"wp","href":"https:\/\/api.w.org\/{rel}","templated":true}]}}